x**2 + 9*x - 55. Give t(0).
-55
Let g(o) = 3*o**3 - 57*o**2 - 32*o + 66. Calculate g(21).
2040
Let s(v) = 797*v**2 - 4816*v + 45. Determine s(6).
-159
Let o(d) = -d**2 + 8667*d + 1322557. What is o(-150)?
7
Let a(i) = 1969*i + 92556. Determine a(-47).
13
Let w(s) = 132*s**3 - 2*s**2 - 13*s - 12. Give w(-1).
-133
Let u(v) = 3*v**3 - 167*v**2 + 1730*v - 99881. What is u(56)?
135
Let n(k) = 968*k - 98651. Give n(102).
85
Let y(j) = 4*j**2 - 2384*j - 34139. Give y(-14).
21
Let s(y) = 522*y + 42182. Determine s(-83).
-1144
Let t(v) = -v**3 - 59*v**2 - 3022*v + 67582. What is t(16)?
30
Let t(c) = -c**3 + 213*c**2 + 3676*c + 236. Give t(-16).
44
Let o(l) = -3291*l - 26347. Determine o(-8).
-19
Let s(n) = 7*n**2 - 100*n - 13147. Give s(51).
-40
Let c(f) = -f**2 - 1529*f + 54736. Determine c(35).
-4
Let w(t) = t**2 - 3440*t + 27378. Determine w(8).
-78
Let i(w) = -7*w**2 + 42168*w - 168685. Give i(4).
-125
Let t(m) = 759208*m - 2277619. Calculate t(3).
5
Let b(a) = -a**3 - 12*a**2 - 1452*a - 20691. Give b(-14).
29
Let y(d) = d**3 + 579*d**2 + 11179*d - 30. Give y(-20).
-10
Let c(o) = 2*o**3 + 252*o**2 + 2936*o - 220. Give c(-113).
6
Let k(u) = u**3 + 46*u**2 - 215*u + 1988. What is k(-51)?
-52
Let j(w) = 3511*w - 18683. Give j(7).
5894
Let z(q) = 9043*q - 515468. Determine z(57).
-17
Let f(r) = -r**2 + 13870*r - 2193593. Determine f(160).
7
Let l(m) = -2246*m - 4505. Give l(-2).
-13
Let t(p) = -12389*p - 16. What is t(0)?
-16
Let q(u) = 2*u**3 + 35*u**2 + 266*u + 4458. Give q(-17).
225
Let x(f) = -68*f + 1750. Calculate x(23).
186
Let g(p) = 2581*p - 83603. Give g(33).
1570
Let w(s) = 11*s**3 - 10*s**2 + 25*s - 67. What is w(3)?
215
Let m(b) = -1670*b + 13150. What is m(8)?
-210
Let y(u) = -2*u**2 + 2982*u - 831039. What is y(371)?
1
Let s(t) = t**3 - 25*t**2 - 326*t + 7946. Calculate s(25).
-204
Let b(y) = 6*y**2 + 214*y + 646. Determine b(-39).
1426
Let o(k) = 1933*k - 3371. Determine o(3).
2428
Let z(b) = b**3 + 97*b**2 + 1508*b - 2446. Determine z(-77).
18
Let h(d) = -7202*d + 266487. Give h(37).
13
Let w(u) = 5215*u - 31243. What is w(6)?
47
Let c(y) = -15*y**3 + 320*y**2 - 322*y + 4. What is c(1)?
-13
Let x(n) = n**3 - 156*n**2 - 146*n - 1531. Calculate x(157).
196
Let i(w) = -3*w**2 + 360*w - 732. Give i(2).
-24
Let k(v) = -v**2 - 8411*v + 117940. Determine k(14).
-10
Let v(i) = 688*i - 4025. Determine v(9).
2167
Let a(g) = -g**2 - 132*g - 2478. Calculate a(-19).
-331
Let o(g) = -3*g**3 + 262*g**2 - 116*g + 296. Determine o(87).
-2227
Let n(p) = 223*p**2 - 33647*p - 147. Determine n(151).
3779
Let y(o) = -7*o**2 - 742*o - 386. What is y(-106)?
-386
Let w(o) = -271*o**2 + 1064*o + 1. What is w(5)?
-1454
Let a(o) = -o**3 - 1089*o**2 + 64142*o - 1210. What is a(56)?
22
Let m(b) = -2*b**3 - 372*b**2 - 16132*b + 1630. Give m(-117).
-8
Let g(b) = -55*b**2 + 189*b - 574. Determine g(3).
-502
Let d(u) = -77124*u - 77119. Calculate d(-1).
5
Let j(d) = 532621*d + 3195725. Determine j(-6).
-1
Let u(t) = t**3 - 6*t**2 - 140*t + 512. Determine u(15).
437
Let f(z) = -z**3 + 84*z**2 - 161*z - 530. What is f(82)?
-284
Let u(h) = -640*h + 1223. Determine u(3).
-697
Let p(x) = x**2 - 697*x - 145472. Determine p(-166).
-2214
Let c(r) = 2*r**2 + 557*r + 9978. Determine c(-260).
358
Let c(v) = -37*v**2 + 222*v + 19219. Give c(26).
-21
Let t(w) = 15*w**3 - 911*w**2 - 239*w - 173. What is t(61)?
132
Let a(g) = -1583*g - 41214. Give a(-26).
-56
Let j(d) = d**3 + 64*d**2 + 305*d + 575. Determine j(-59).
-15
Let u(v) = -45308*v + 45206. What is u(1)?
-102
Let l(v) = 4431*v**2 - 31006*v - 26. What is l(7)?
51
Let z(v) = -v**3 - v**2 + 2229*v - 10913. What is z(44)?
43
Let d(c) = -9668*c + 38667. Calculate d(4).
-5
Let p(n) = 53185*n - 160168. Determine p(3).
-613
Let u(p) = -96*p + 3919. Give u(45).
-401
Let y(w) = -w**3 - 1653*w**2 - 6700*w - 171500. Give y(-1649).
-4
Let h(w) = 96*w**2 + 9*w - 112. Calculate h(3).
779
Let s(t) = -49*t**2 - 9231*t - 3559. What is s(-188)?
13
Let i(g) = -1423*g + 5376. What is i(4)?
-316
Let b(l) = 54*l**2 + 366*l - 37. What is b(-7)?
47
Let v(w) = -5*w**2 + 9*w - 78. Calculate v(-12).
-906
Let a(r) = 18*r**2 + 10460*r - 62978. Calculate a(6).
430
Let j(r) = -872561*r + 37520113. Calculate j(43).
-10
Let a(l) = -l**2 + 21245*l - 148666. Determine a(7).
0
Let w(v) = 49170*v - 983494. Give w(20).
-94
Let h(x) = 64985*x - 194916. Calculate h(3).
39
Let h(z) = 2*z**3 - 2051*z**2 - 840*z - 190847. Give h(1026).
-11
Let i(k) = -2*k**3 - 32*k**2 + 159*k + 1680. Determine i(-6).
6
Let n(w) = 164*w**2 - 7733*w + 1173. What is n(47)?
-2
Let o(n) = -50*n - 1071. Calculate o(97).
-5921
Let v(x) = -2602040*x - 13010207. What is v(-5)?
-7
Let h(y) = 605168*y - 3631011. Calculate h(6).
-3
Let a(u) = -u**3 - 12*u**2 + 270*u - 2452. Determine a(-26).
-8
Let f(u) = 24*u**3 - 1446*u**2 + 349*u + 454. What is f(60)?
-206
Let w(k) = k**2 + 70*k + 1377. What is w(-36)?
153
Let d(b) = 154*b**2 + 557*b + 12. Give d(-4).
248
Let f(a) = -2*a**2 + 1997*a - 272373. Calculate f(163).
0
Let g(m) = -3670*m + 202176. What is g(55)?
326
Let z(l) = -39530*l + 236970. Determine z(6).
-210
Let w(s) = -2*s**3 - 438*s**2 - 6*s - 1163. What is w(-219)?
151
Let y(g) = -g**3 + 6*g**2 + 12913*g - 141444. Determine y(11).
-6
Let g(w) = -2*w**3 + 50*w**2 - 15*w - 831. What is g(24)?
-39
Let t(s) = -22*s**3 + 141*s**2 + 9*s + 294. Calculate t(7).
-280
Let d(r) = -259*r + 37395. Determine d(144).
99
Let t(s) = -235*s**2 - 12428*s + 24858. What is t(2)?
-938
Let z(c) = -1545*c + 4577. Calculate z(3).
-58
Let w(k) = 2*k**3 - 929*k**2 - 2303*k - 15156. Determine w(467).
-212
Let b(i) = -887*i**2 - 906*i - 9. Determine b(-1).
10
Let l(z) = 7*z**3 + 3*z**2 - 12*z - 36. Give l(-4).
-388
Let t(m) = 5380568*m - 10761134. Calculate t(2).
2
Let r(f) = -2*f**2 - 229*f - 5780. Determine r(-78).
-86
Let g(n) = -169*n + 11363. Determine g(67).
40
Let r(l) = l**3 + 233*l**2 - 2428*l + 465. What is r(-243)?
-21
Let a(g) = 7*g**2 + 1199*g - 45688. Determine a(32).
-152
Let r(q) = -q**3 + 511*q**2 - 1060*q + 21404. Give r(509).
26
Let b(z) = -3*z**2 - 64621*z - 39. What is b(0)?
-39
Let q(o) = -1078*o + 2859. Determine q(3).
-375
Let q(m) = -2*m**2 + 217*m - 1637. Determine q(95).
928
Let d(s) = -99710*s - 1695072. Calculate d(-17).
-2
Let m(b) = 94509*b + 94507. What is m(-1)?
-2
Let f(x) = x**3 - 60*x**2 + 148*x + 217. Give f(57).
-1094
Let p(j) = 2376*j + 88006. What is p(-37)?
94
Let f(g) = 5*g**3 + 189*g**2 - 128*g - 2052. Determine f(-38).
1368
Let s(r) = 101*r - 11827. Determine s(116).
-111
Let o(d) = -5386*d + 71169. Determine o(13).
1151
Let k(y) = -3*y**3 + 281*y**2 + 2550*y - 4. Calculate k(102).
-4
Let i(b) = -2*b**3 + 17*b**2 + 285*b - 370. Calculate i(15).
980
Let y(h) = 11648*h + 11650. Give y(-1).
2
Let i(q) = 429437*q - 2147162. Determine i(5).
23
Let u(k) = -k**3 + 56*k**2 - 293*k + 26. Give u(50).
376
Let s(c) = c**3 + 5*c**2 - 319*c - 1012. Give s(-19).
-5
Let c(w) = -1335*w - 238964. Calculate c(-179).
1
Let j(o) = 14*o**3 + 1648*o**2 - 2143*o - 42. Give j(-119).
77
Let j(s) = s**2 - 456*s - 13425. Determine j(-28).
127
Let n(g) = -1566*g + 803373. What is n(513)?
15
Let x(c) = 694*c - 21656. Give x(32).
552
Let q(n) = -11*n**2 - 588*n - 799. Give q(-52).
33
Let s(h) = 46*h**2 + 2349*h - 34562. Give s(-63).
25
Let p(s) = -36*s**2 - 691*s - 487. Give p(-18).
287
Let a(g) = -2*g**2 + 169*g + 2583. Determine a(99).
-288
Let c(j) = -83*j**2 + 10600*j + 24705. Determine c(130).
5
Let g(c) = -196*c + 471. Calculate g(1).
275
Let l(n) = n**3 - 2*n**2 - 636*n + 3684. Give l(6).
12
Let z(q) = 3*q**3 - 169*q**2 + 79*q - 2337. Determine z(56).
-1049
Let j(f) = 6*f**2 + 143*f - 45. Determine j(-25).
130
Let u(m) = 113*m**2 - 1428*m - 534. What is u(13)?
-1
Let p(r) = 2*r**3 - 37*r**2 - 6*r + 342. What is p(14)?
-1506
Let b(l) = 770086*l - 2310300. What is b(3)?
-42
Let g(o) = 2*o**2 - 25212*o - 1876683. Calculate g(-74).
-43
Let a(u) = 65*u - 9906. What is a(157)?
299
Let w(l) = l**2 - 9*l + 116. Give w(-57).
3878
Let z(w) = 3*w**2 + 420*w + 5656. What is z(-125)?
31
Let m(t) = 3*t**3 - 1713*t**2 - 87*t + 49682. Calculate m(571).
5
Let a(y) = -229*y + 3871. Calculate a(17).
-22
Let b(o) = 18593*o - 315823. Calculate b(17).
258
Let r(c) = 2*c**3 + 23*c**2 - 386*c + 1756. What is r(-22)?
